 of 60 and d.
10
Let q(p) = -p**3 + 4*p**2 + p - 3. Let y be q(4). Let c = 9 + -8. Calculate the highest common divisor of y and c.
1
Let d be (3 - (1 + 1))/(-1). Let p be (-2)/d*(2 + 1). Suppose v - 2*v + p = 0. What is the greatest common divisor of 15 and v?
3
Suppose 4*a + 4*m = 484, -7*m = a - 3*m - 133. Let y = -14 + 32. Suppose 21 = 3*x - y. What is the highest common divisor of a and x?
13
Let r(n) = -3*n - 2. Let d be r(-2). Suppose -i + 0 = -2*c + 3, 4*c = -d*i + 24. Calculate the greatest common divisor of 3 and c.
3
Let m be 12/((-6)/(-36)*6). What is the greatest common divisor of m and 8?
4
Let f(i) = -i**2 + 1. Let l be f(1). Suppose 3*w + r - 32 = l, 2*r = -r - 12. Calculate the highest common factor of w and 3.
3
Let d = 30 - 16. Calculate the greatest common divisor of 154 and d.
14
Let s(n) = n**3 - 2*n**2 - 5*n - 3. Let o be s(4). Let f be 839/o + 14/(-63). What is the greatest common factor of f and 62?
31
Let y(c) = -c**2 - c + 5. Let s be y(0). Let f be (-18)/72 + 42/8. What is the greatest common factor of s and f?
5
Suppose 0 = -4*n - 12 + 4. Let g be -2 - n - -2 - -2. Suppose -4*w - w - 67 = -3*q, 0 = 2*q - g*w - 48. What is the greatest common divisor of 98 and q?
14
Let q(u) = -u + 3. Let m be q(0). Suppose c + 3*v + 2*v - m = 0, 17 = 2*c - v. Let p(f) = -2*f. Let y be p(-8). What is the greatest common divisor of y and c?
8
Let m be -7 + 10 + 3*39. Suppose -m = -5*r + 530. What is the greatest common factor of 13 and r?
13
Suppose -2*c + 46 = -82. Let j(f) = f - 2. Let y be j(-2). Let n be 164/10 - y/(-10). What is the greatest common factor of n and c?
16
Let y be (-4)/(-3)*(0 - -3). Let a be (-2 - -22)*6/y. Let s be (-44)/(-10) - (-48)/80. Calculate the highest common divisor of s and a.
5
Let g = -12 - -17. Let k(t) = 7*t**2 - 1. Let v be k(-1). Suppose -4 = -2*r + v. What is the highest common factor of g and r?
5
Suppose 3*r - 5*r - 2*l = -78, 3*r = -5*l + 123. Suppose -138 = -2*f - 2*w, 7*f - w - 363 = 2*f. Calculate the greatest common factor of r and f.
36
Suppose 2*f = 5*d - 31, d - f = -d + 12. Suppose -163 = -4*t + 89. Suppose -3*i = -4*i + t. What is the highest common factor of i and d?
7
Let r = -23 - -32. Calculate the highest common divisor of 99 and r.
9
Suppose -x - 25 = -6*x. Let w be -3*x/((-5)/6). Let c(g) = 24*g**2 - 3*g. Let q be c(2). Calculate the highest common factor of w and q.
18
Let y be 2*2/4*34. Let v(f) be the third derivative of -f**5/60 - f**4/24 + 17*f**3/6 + 2*f**2. Let t be v(0). Calculate the highest common divisor of t and y.
17
Let j(k) = -2 - 3*k + 6*k + 0. Let v be j(3). Calculate the greatest common divisor of v and 14.
7
Let q(m) = 5*m + 11. Let p be q(-8). Let r = p - -41. Let g(k) = 2*k + 36. Let i be g(24). Calculate the greatest common factor of r and i.
12
Suppose -4*d = 2*u, -5*u + 5*d + 15 = -0*d. Suppose 0*q - 2 = q, 4*t + u*q = 8. What is the greatest common divisor of 6 and t?
3
Let t = 3 - 0. Let n be 34/6 - t/(-9). Let s = -14 + 20. What is the highest common factor of s and n?
6
Let a(f) = -f**2 + 7*f - 4. Let k = -7 - -11. Suppose -3*b + 7 = 4*s - 6*s, -b + k*s - 11 = 0. Let g be a(b). Calculate the greatest common divisor of 6 and g.
6
Let z(x) = 19*x**2 + 6*x - 4. Let j be z(2). Let p be (-4)/6 + (-65)/(-3). Calculate the highest common divisor of j and p.
21
Let f = -112 + 238. Suppose -5*l = 5*o - 45, -2*l + 3 = 5*o - 0*o. Calculate the highest common divisor of l and f.
14
Let v be (-1584)/(-21) - (-6)/(-14). What is the greatest common divisor of 15 and v?
15
Let y(u) = 2*u**2 - u - 1. Let b be y(2). Suppose -1 = b*w - 36. Let r = w + 3. What is the highest common divisor of 15 and r?
5
Let h(x) = 3*x**3 - x**2 + x - 1. Let i be h(2). What is the greatest common factor of 84 and i?
21
Suppose 3*r - 5 = 2*r - 2*h, -r - h = -10. Suppose 15 = 3*a - r. What is the highest common factor of 50 and a?
10
Suppose 5*c = -2*q + 50, -4*c + 36 = -2*c + 4*q. Let t = c + -6. Let j be (-20)/t*(-2)/4. What is the greatest common factor of j and 10?
5
Let o be 4/6 + 21/9. Let d be -2 + o + 1 + 18. Let q be 19/4 - 2/(-8). What is the highest common divisor of d and q?
5
Let d(b) = b**3 - 5*b**2 + 1. Let u be d(7). Let k(r) = r**3 - 6*r**2 - 4*r - 10. Let w be k(7). Calculate the greatest common factor of u and w.
11
Suppose -2*h - 2*h + 24 = 0. Let g be (-1)/(-2) + 15/h. Suppose -a + 11 = l, 2*l - g*a = l - 1. Calculate the greatest common divisor of 4 and l.
4
Let n(t) = t**2 - 7*t + 17. Let l be n(8). What is the highest common divisor of 125 and l?
25
Let d(p) = p**3 + 4*p**2 - 4*p + 10. Let r be d(-5). Let u = 11 - -4. What is the highest common divisor of r and u?
5
Let k(y) = 66*y**2 - y. Let l be k(-1). Suppose -5*a - 17 = -l. What is the highest common factor of a and 15?
5
Suppose 3*d = 5*l - 171, -4*l - 5*d = -13 - 109. What is the greatest common divisor of l and 3?
3
Let r be (-6)/27 + 598/18. What is the greatest common divisor of r and 11?
11
Suppose 5*w - 210 = 2*w. Let j = -2 - -2. Suppose j*x - x + 10 = 0. Calculate the greatest common divisor of w and x.
10
Let s(b) = -b**2 + 3*b + 5. Let u be s(4). Let l be (10/3)/(u/6). Suppose -10 - 22 = -4*y. Calculate the highest common divisor of y and l.
4
Suppose 3*t - 810 = -0*t. What is the greatest common divisor of 27 and t?
27
Let c = 11 + 14. Suppose -c = -3*q + 2*q. Calculate the greatest common divisor of q and 5.
5
Suppose -3*z + 3 = -18. Let f(q) = -q**2 + 9*q + 2. Let d be f(z). Let c = -42 + 46. What is the greatest common factor of c and d?
4
Suppose -3*z + 0*k = 5*k - 62, 0 = -z + 3*k + 30. What is the greatest common factor of z and 24?
24
Suppose -8*z = -7*z - 1. Let y(b) = 3*b**2 - 2*b + 1. Let t be y(z). Calculate the highest common factor of t and 10.
2
Let d(m) = -m**2 - 20*m - 15. Let n be d(-12). What is the highest common factor of 9 and n?
9
Let a be (7/(-3))/(2/(-102)). Suppose -2*t + a = -57. What is the highest common factor of 8 and t?
8
Let q(d) = -d**2 + 3*d + 1. Let w be q(3). Let t(g) = 6*g - 166. Let r be t(29). Calculate the greatest common factor of r and w.
1
Suppose 8 = 5*f - 4*t, 0*f - 2 = f - 2*t. Suppose 0 = 8*h - 5*h + 12. Let g be 5/(2*(-1)/h). Calculate the highest common factor of f and g.
2
Let s(f) = f - 5. Let z be s(10). Suppose -m + z*m = 120. Suppose p - 6*p = -100. Calculate the highest common divisor of m and p.
10
Let v(x) = -x + 13. Let m be v(7). Let f be (16/3)/(1/6). Let z be (18/(-8))/((-12)/f). Calculate the highest common divisor of z and m.
6
Suppose -5*b - 4*h + 36 = 0, -5*b + b = 4*h - 32. Suppose -5*f + b*f = 5*l + 8, 2*f - 40 = 4*l. What is the highest common factor of 24 and f?
12
Let p be 7 + ((-22)/(-33))/(2/(-12)). Let i = -17 - -32. Calculate the highest common factor of p and i.
3
Suppose c - 3 = 3*s - s, -3*c - 2*s = -17. What is the highest common divisor of c and 40?
5
Let i = 87 + -61. Calculate the greatest common factor of i and 182.
26
Suppose 16*m = 12*m + 104. Calculate the highest common divisor of 182 and m.
26
Suppose 4*z - 44 - 4 = 0. Calculate the greatest common divisor of z and 48.
12
Suppose 27 - 207 = -6*w. Calculate the greatest common divisor of w and 5.
5
Suppose 3*k = -875 - 1213. Let f be k/(-10) + (-6)/(-15). Calculate the greatest common factor of 10 and f.
10
Suppose j - 5*j - 78 = -3*m, 5*j = -5*m + 95. Let r(v) = -v**2 + 7*v - 4. Let l be r(6). What is the greatest common divisor of l and m?
2
Let a be (-4)/8*(12 + 2). Let x = a - -10. Suppose 0 = -x*l - l + 28. Calculate the highest common factor of 7 and l.
7
Suppose -4*q = 2*q - 108. Suppose 4*x = -75 + 651. What is the greatest common divisor of q and x?
18
Let v = 3 - 2. Let w = v + 0. Suppose 0 = -a - w + 2. What is the greatest common divisor of a and 1?
1
Let u(h) = -h. Let i(s) = -2*s - 9. Let g(f) = -i(f) + 3*u(f). Let d be g(8). What is the highest common factor of d and 1?
1
Let o(z) = 3*z**3 - z**2 + 4*z. Let j = 5 - 2. Let d be o(j). What is the highest common divisor of 21 and d?
21
Let t(l) = 2*l - 4. Let c be t(4). Let p be 6/21 + (-33)/(-7). Suppose 3*y + 30 = 4*y - 5*i, 3*y - p*i = 70. Calculate the highest common factor of c and y.
4
Suppose 5*q - 19 = 301. Let k = q + -46. Suppose -4*i + 46 = 5*w, w = 3*i - 62 + k. What is the highest co